{"id":495,"date":"2016-09-07T11:23:19","date_gmt":"2016-09-07T11:23:19","guid":{"rendered":"http:\/\/vivariumdemeyrin.ch\/wp\/?page_id=495"},"modified":"2025-12-20T09:47:10","modified_gmt":"2025-12-20T09:47:10","slug":"bienvenue-au-vivarium-de-meyrin","status":"publish","type":"page","link":"https:\/\/vivariumdemeyrin.ch\/","title":{"rendered":"Bienvenue au Vivarium de Meyrin"},"content":{"rendered":"<p><strong><em>Loti \u00e0 quelques arr\u00eats de tram du centre de la cit\u00e9 de Calvin et en bout de piste de l\u2019a\u00e9roport international de Gen\u00e8ve, le vivarium de Meyrin est&nbsp;un lieu de visite incontournable&nbsp;du canton de Gen\u00e8ve.<\/em><\/strong><\/p>\n<p><strong><em>Venez d\u00e9couvrir et admirer plus de 200 animaux du monde entier repr\u00e9sentant environ 50 esp\u00e8ces. Les 70 terrariums paysag\u00e9s sont plant\u00e9s et d\u00e9cor\u00e9s de mani\u00e8re \u00e0 reproduire l&rsquo;habitat naturel de leurs h\u00f4tes.<\/em><\/strong><\/p>\n<p><span class=\"embed-youtube\" style=\"text-align:center; display: block;\"><iframe loading=\"lazy\" class=\"youtube-player\" width=\"640\" height=\"360\" src=\"https:\/\/www.youtube.com\/embed\/XLhw8peUV9A?version=3&#038;rel=1&#038;showsearch=0&#038;showinfo=1&#038;iv_load_policy=1&#038;fs=1&#038;hl=fr-FR&#038;autohide=2&#038;wmode=transparent\" allowfullscreen=\"true\" style=\"border:0;\" sandbox=\"allow-scripts allow-same-origin allow-popups allow-presentation\"><\/iframe><\/span><\/p>\n<h2><\/h2>\n\n\n<figure class=\"wp-block-image size-large is-resized\"><img data-attachment-id=\"1321\" data-permalink=\"https:\/\/vivariumdemeyrin.ch\/?attachment_id=1321\" data-orig-file=\"https:\/\/i0.wp.com\/vivariumdemeyrin.ch\/wp-content\/uploads\/2025\/12\/Voeux-2026.png?fit=3840%2C2114&amp;ssl=1\" data-orig-size=\"3840,2114\" data-comments-opened=\"0\" data-image-meta=\"{&quot;aperture&quot;:&quot;0&quot;,&quot;credit&quot;:&quot;&quot;,&quot;camera&quot;:&quot;&quot;,&quot;caption&quot;:&quot;&quot;,&quot;created_timestamp&quot;:&quot;0&quot;,&quot;copyright&quot;:&quot;&quot;,&quot;focal_length&quot;:&quot;0&quot;,&quot;iso&quot;:&quot;0&quot;,&quot;shutter_speed&quot;:&quot;0&quot;,&quot;title&quot;:&quot;&quot;,&quot;orientation&quot;:&quot;0&quot;}\" data-image-title=\"Voeux-2026\" data-image-description=\"\" data-image-caption=\"\" data-medium-file=\"https:\/\/i0.wp.com\/vivariumdemeyrin.ch\/wp-content\/uploads\/2025\/12\/Voeux-2026.png?fit=300%2C165&amp;ssl=1\" data-large-file=\"https:\/\/i0.wp.com\/vivariumdemeyrin.ch\/wp-content\/uploads\/2025\/12\/Voeux-2026.png?fit=640%2C353&amp;ssl=1\" decoding=\"async\" loading=\"lazy\" src=\"https:\/\/i0.wp.com\/vivariumdemeyrin.ch\/wp-content\/uploads\/2025\/12\/Voeux-2026-1024x564.png?resize=637%2C350&#038;ssl=1\" alt=\"\" class=\"wp-image-1321\" width=\"637\" height=\"350\" srcset=\"https:\/\/i0.wp.com\/vivariumdemeyrin.ch\/wp-content\/uploads\/2025\/12\/Voeux-2026.png?resize=1024%2C564&amp;ssl=1 1024w, https:\/\/i0.wp.com\/vivariumdemeyrin.ch\/wp-content\/uploads\/2025\/12\/Voeux-2026.png?resize=300%2C165&amp;ssl=1 300w, https:\/\/i0.wp.com\/vivariumdemeyrin.ch\/wp-content\/uploads\/2025\/12\/Voeux-2026.png?resize=768%2C423&amp;ssl=1 768w, https:\/\/i0.wp.com\/vivariumdemeyrin.ch\/wp-content\/uploads\/2025\/12\/Voeux-2026.png?resize=1536%2C846&amp;ssl=1 1536w, https:\/\/i0.wp.com\/vivariumdemeyrin.ch\/wp-content\/uploads\/2025\/12\/Voeux-2026.png?resize=2048%2C1127&amp;ssl=1 2048w, https:\/\/i0.wp.com\/vivariumdemeyrin.ch\/wp-content\/uploads\/2025\/12\/Voeux-2026.png?w=1280 1280w, https:\/\/i0.wp.com\/vivariumdemeyrin.ch\/wp-content\/uploads\/2025\/12\/Voeux-2026.png?w=1920 1920w\" sizes=\"(max-width: 637px) 100vw, 637px\" data-recalc-dims=\"1\" \/><\/figure>\n","protected":false},"excerpt":{"rendered":"<p>Loti \u00e0 quelques arr\u00eats de tram du centre de la cit\u00e9 de Calvin et en bout de piste de l\u2019a\u00e9roport international de Gen\u00e8ve, le vivarium de Meyrin est&nbsp;un lieu de visite incontournable&nbsp;du canton de Gen\u00e8ve. Venez d\u00e9couvrir et admirer plus de 200 animaux du monde entier repr\u00e9sentant environ 50 esp\u00e8ces. Les 70 terrariums paysag\u00e9s sont <a href=\"https:\/\/vivariumdemeyrin.ch\/\" rel=\"nofollow\"><span class=\"sr-only\">En savoir plus surBienvenue au Vivarium de Meyrin<\/span>[&hellip;]<\/a><\/p>\n","protected":false},"author":2,"featured_media":1310,"parent":0,"menu_order":0,"comment_status":"closed","ping_status":"closed","template":"","meta":{"jetpack_post_was_ever_published":false},"jetpack_sharing_enabled":true,"jetpack_shortlink":"https:\/\/wp.me\/P6KoXt-7Z","jetpack-related-posts":[{"id":420,"url":"https:\/\/vivariumdemeyrin.ch\/?page_id=420","url_meta":{"origin":495,"position":0},"title":"Historique","date":"2 septembre 2016","format":false,"excerpt":"1979 En juin, trois herp\u00e9tologistes amateurs d\u00e9cident de se regrouper et fondent\u00a0Elapso\u00efdea\u00a0(nom de genre d'un serpent fouisseur africain). 1980 Elapso\u00efdea, vivarium priv\u00e9, se dote du statut d'Association \u00e0 but non lucratif et compte cinq membres. L'association organise une \u00e9cole des reptiles,\u00a0Elapso\u00efdea juv\u00e9nile,\u00a0qui compte quatre membres. 1981 Elapso\u00efdea\u00a0organise une tourn\u00e9e dans\u2026","rel":"","context":"Article similaire","img":{"alt_text":"","src":"","width":0,"height":0},"classes":[]},{"id":396,"url":"https:\/\/vivariumdemeyrin.ch\/?page_id=396","url_meta":{"origin":495,"position":1},"title":"Devenez Membres","date":"2 septembre 2016","format":false,"excerpt":"Vous avez \u00e9t\u00e9 s\u00e9duit par votre visite et vous souhaitez soutenir les activit\u00e9s du Vivarium de Meyrin\u00a0? Vous \u00eates herp\u00e9tologiste amateur, quel que soit votre niveau et souhaitez participer aux activit\u00e9s terrariophiles propos\u00e9es par l\u2019association\u00a0? Devenez membre de l\u2019association\u00a0Elapso\u00efdea \u2013 Vivarium de Meyrin\u00a0: Cotisation individuelle 50.- par ann\u00e9e. Pour ce\u2026","rel":"","context":"Article similaire","img":{"alt_text":"","src":"","width":0,"height":0},"classes":[]},{"id":206,"url":"https:\/\/vivariumdemeyrin.ch\/?page_id=206","url_meta":{"origin":495,"position":2},"title":"Association Elapso\u00efdea","date":"10 mai 2016","format":false,"excerpt":"Devenez membres ! Vous avez \u00e9t\u00e9 s\u00e9duit par votre visite et vous souhaitez soutenir les activit\u00e9s du Vivarium de Meyrin ? Vous \u00eates herp\u00e9tologiste amateur, quel que soit votre niveau et souhaitez participer aux activit\u00e9s terrariophiles propos\u00e9es par l\u2019association ? Devenez membre de l\u2019association Elapso\u00efdea \u2013 Vivarium de Meyrin\u00a0: Cotisation\u2026","rel":"","context":"Article similaire","img":{"alt_text":"","src":"","width":0,"height":0},"classes":[]},{"id":693,"url":"https:\/\/vivariumdemeyrin.ch\/?page_id=693","url_meta":{"origin":495,"position":3},"title":"Infos Pratiques","date":"9 octobre 2019","format":false,"excerpt":"Adresse 32a, rue Cardinal-Journet 1217 Meyrin SuisseT\u00e9l.: +41(0)22.785.60.60 E-Mail:\u00a0Vivarium info@vivariumdemeyrin.ch Tarifs* Tarifs individuels Adultes : 11.- Enfants (de 6 \u00e0 16 ans) : 6.- AVS, AI, \u00e9tudiants, ch\u00f4meurs : 9.- Tarifs de groupes (min. 10, max. 20 personnes) De 6 \u00e0 16 ans : 5.- Plus de 16 ans :\u2026","rel":"","context":"Article similaire","img":{"alt_text":"","src":"","width":0,"height":0},"classes":[]},{"id":295,"url":"https:\/\/vivariumdemeyrin.ch\/?page_id=295","url_meta":{"origin":495,"position":4},"title":"La Pension","date":"1 septembre 2016","format":false,"excerpt":"Animaux recueillis\u00a0: Depuis quelques ann\u00e9es, la cote de popularit\u00e9 des reptiles ne cesse d\u2019augmenter. Cela est d\u00fb non seulement \u00e0 un acc\u00e8s aux informations les concernant, bien plus facile qu\u2019autrefois (web), mais surtout \u00e0 l\u2019ouverture croissante de commerces sp\u00e9cialis\u00e9s dans la vente de ces \u00ab\u00a0NAC\u00a0\u00bb \u00a0(nouveaux animaux de compagnie). Malheureusement,\u2026","rel":"","context":"Article similaire","img":{"alt_text":"","src":"","width":0,"height":0},"classes":[]},{"id":11,"url":"https:\/\/vivariumdemeyrin.ch\/?page_id=11","url_meta":{"origin":495,"position":5},"title":"Historique ancien","date":"14 ao\u00fbt 2015","format":false,"excerpt":"1979 En juin, trois herp\u00e9tologistes amateurs d\u00e9cident de se regrouper et fondent\u00a0Elapso\u00efdea\u00a0(nom de genre d'un serpent fouisseur africain). 1980 Elapso\u00efdea, vivarium priv\u00e9, se dote du statut d'Association \u00e0 but non lucratif et compte cinq membres. L'association organise une \u00e9cole des reptiles,\u00a0Elapso\u00efdea juv\u00e9nile,\u00a0qui compte quatre membres. 1981 Elapso\u00efdea\u00a0organise une tourn\u00e9e dans\u2026","rel":"","context":"Article similaire","img":{"alt_text":"","src":"https:\/\/i0.wp.com\/www.vivariumdemeyrin.ch\/images\/site\/historique.jpg?resize=350%2C200","width":350,"height":200},"classes":[]}],"_links":{"self":[{"href":"https:\/\/vivariumdemeyrin.ch\/index.php?rest_route=\/wp\/v2\/pages\/495"}],"collection":[{"href":"https:\/\/vivariumdemeyrin.ch\/index.php?rest_route=\/wp\/v2\/pages"}],"about":[{"href":"https:\/\/vivariumdemeyrin.ch\/index.php?rest_route=\/wp\/v2\/types\/page"}],"author":[{"embeddable":true,"href":"https:\/\/vivariumdemeyrin.ch\/index.php?rest_route=\/wp\/v2\/users\/2"}],"replies":[{"embeddable":true,"href":"https:\/\/vivariumdemeyrin.ch\/index.php?rest_route=%2Fwp%2Fv2%2Fcomments&post=495"}],"version-history":[{"count":30,"href":"https:\/\/vivariumdemeyrin.ch\/index.php?rest_route=\/wp\/v2\/pages\/495\/revisions"}],"predecessor-version":[{"id":1323,"href":"https:\/\/vivariumdemeyrin.ch\/index.php?rest_route=\/wp\/v2\/pages\/495\/revisions\/1323"}],"wp:featuredmedia":[{"embeddable":true,"href":"https:\/\/vivariumdemeyrin.ch\/index.php?rest_route=\/wp\/v2\/media\/1310"}],"wp:attachment":[{"href":"https:\/\/vivariumdemeyrin.ch\/index.php?rest_route=%2Fwp%2Fv2%2Fmedia&parent=495"}],"curies":[{"name":"wp","href":"https:\/\/api.w.org\/{rel}","templated":true}]}}