{"id":120,"date":"2015-09-17T19:15:22","date_gmt":"2015-09-17T19:15:22","guid":{"rendered":"http:\/\/vivariumdemeyrin.ch\/wp\/?page_id=120"},"modified":"2023-10-26T16:22:09","modified_gmt":"2023-10-26T16:22:09","slug":"anniversaires","status":"publish","type":"page","link":"http:\/\/vivariumdemeyrin.ch\/?page_id=120","title":{"rendered":"Anniversaires"},"content":{"rendered":"<p><span style=\"color: #008000;\">UNIQUEMENT SUR RESERVATION<\/span><\/p>\n<p>Venez f\u00eater l\u2019anniversaire de votre enfant (d\u00e8s 8 ans) au Vivarium le :<\/p>\n<ul>\n<li>mercredi de 14\u00a0:00 \u00e0 16\u00a0:30<\/li>\n<li>samedi et dimanche de 10\u00a0:00 \u00e0 12\u00a0:30 ou de\u00a014\u00a0:00 \u00e0 16\u00a0:30<\/li>\n<\/ul>\n<p>Au terme d&rsquo;une visite guid\u00e9e d\u2019environ 1 heure, une salle sp\u00e9cialement am\u00e9nag\u00e9e vous attend et si le temps le permet, le go\u00fbter aura lieu \u00e0 l\u2019ext\u00e9rieur.<\/p>\n<p>Les collations sont \u00e0 la charge des parents.<\/p>\n<p>Le co\u00fbt de l\u2019anniversaire est de CHF 250.-.<br \/>\n<em>* Nouveau* Nous mettons d\u00e9sormais \u00e0 votre disposition 15 cartons d&rsquo;anniversaire pour le prix de 10 CHF, avec l&rsquo;adresse du Vivarium d\u00e9j\u00e0 inscrite. Il ne reste plus qu&rsquo;\u00e0 les compl\u00e9ter !<\/em><\/p>\n<p><img data-attachment-id=\"742\" data-permalink=\"http:\/\/vivariumdemeyrin.ch\/?attachment_id=742\" data-orig-file=\"https:\/\/i0.wp.com\/vivariumdemeyrin.ch\/wp-content\/uploads\/2022\/11\/Vivarium_carton-dinvitation-1.jpg?fit=497%2C700\" data-orig-size=\"497,700\" data-comments-opened=\"0\" data-image-meta=\"{&quot;aperture&quot;:&quot;0&quot;,&quot;credit&quot;:&quot;&quot;,&quot;camera&quot;:&quot;&quot;,&quot;caption&quot;:&quot;&quot;,&quot;created_timestamp&quot;:&quot;0&quot;,&quot;copyright&quot;:&quot;&quot;,&quot;focal_length&quot;:&quot;0&quot;,&quot;iso&quot;:&quot;0&quot;,&quot;shutter_speed&quot;:&quot;0&quot;,&quot;title&quot;:&quot;&quot;,&quot;orientation&quot;:&quot;0&quot;}\" data-image-title=\"Vivarium_carton d&amp;rsquo;invitation-1\" data-image-description=\"\" data-image-caption=\"\" data-medium-file=\"https:\/\/i0.wp.com\/vivariumdemeyrin.ch\/wp-content\/uploads\/2022\/11\/Vivarium_carton-dinvitation-1.jpg?fit=213%2C300\" data-large-file=\"https:\/\/i0.wp.com\/vivariumdemeyrin.ch\/wp-content\/uploads\/2022\/11\/Vivarium_carton-dinvitation-1.jpg?fit=497%2C700\" decoding=\"async\" loading=\"lazy\" class=\"wp-image-742  alignright\" src=\"https:\/\/i0.wp.com\/vivariumdemeyrin.ch\/wp-content\/uploads\/2022\/11\/Vivarium_carton-dinvitation-1.jpg?resize=80%2C112\" alt=\"\" width=\"80\" height=\"112\" srcset=\"https:\/\/i0.wp.com\/vivariumdemeyrin.ch\/wp-content\/uploads\/2022\/11\/Vivarium_carton-dinvitation-1.jpg?resize=213%2C300 213w, https:\/\/i0.wp.com\/vivariumdemeyrin.ch\/wp-content\/uploads\/2022\/11\/Vivarium_carton-dinvitation-1.jpg?w=497 497w\" sizes=\"(max-width: 80px) 100vw, 80px\" data-recalc-dims=\"1\" \/><\/p>\n<p style=\"text-align: left;\">Pour r\u00e9server et v\u00e9rifier les disponibilit\u00e9s, rien de plus simple\u00a0: contactez-nous au <strong>022\/785.60.60<\/strong> (depuis la France ajouter +41) ou par courriel \u00e0 info@vivariumdemeyrin.ch.<\/p>\n<p style=\"text-align: left;\"><strong><span style=\"color: #008000;\">Conditions\u00a0<\/span><\/strong>:<\/p>\n<p><i>&#8211; Le nombre de participants est limit\u00e9 \u00e0 12 invit\u00e9s (d\u00e8s 8 ans).<br \/>\n&#8211; En dehors des parents, 2 autres adultes autoris\u00e9s.<br \/>\n&#8211; Les enfants sont sous la surveillance des accompagnants autoris\u00e9s.<br \/>\n&#8211; La nourriture, les boissons et d\u00e9corations seront amen\u00e9es par les participants.<br \/>\n&#8211; Dur\u00e9e : 2h30<br \/>\n&#8211; Si besoin, la salle est disponible 30 minutes avant l&rsquo;heure.<br \/>\n&#8211; Prix : 250 CHF, comprenant les entr\u00e9es, un guide, l&rsquo;acc\u00e8s \u00e0 la salle de f\u00eate.<br \/>\n&#8211; L&rsquo;inscription est confirm\u00e9e \u00e0 l\u2019encaissement de l&rsquo;acompte de 100 CHF, somme \u00e0 payer au minimum <u>15 jours avant<\/u> l&rsquo;anniversaire.<br \/>\n&#8211; Le solde est \u00e0 r\u00e9gler le jour de l&rsquo;anniversaire et aucun remboursement possible en cas de d\u00e9sistement. <\/i><\/p>\n","protected":false},"excerpt":{"rendered":"<p>UNIQUEMENT SUR RESERVATION Venez f\u00eater l\u2019anniversaire de votre enfant (d\u00e8s 8 ans) au Vivarium le : mercredi de 14\u00a0:00 \u00e0 16\u00a0:30 samedi et dimanche de 10\u00a0:00 \u00e0 12\u00a0:30 ou de\u00a014\u00a0:00 \u00e0 16\u00a0:30 Au terme d&rsquo;une visite guid\u00e9e d\u2019environ 1 heure, une salle sp\u00e9cialement am\u00e9nag\u00e9e vous attend et si le temps le permet, le go\u00fbter aura <a href=\"http:\/\/vivariumdemeyrin.ch\/?page_id=120\" rel=\"nofollow\"><span class=\"sr-only\">En savoir plus surAnniversaires<\/span>[&hellip;]<\/a><\/p>\n","protected":false},"author":1,"featured_media":0,"parent":0,"menu_order":0,"comment_status":"closed","ping_status":"closed","template":"","meta":{"jetpack_post_was_ever_published":true},"jetpack_sharing_enabled":true,"jetpack_shortlink":"https:\/\/wp.me\/P6KoXt-1W","jetpack-related-posts":[{"id":27,"url":"http:\/\/vivariumdemeyrin.ch\/?page_id=27","url_meta":{"origin":120,"position":0},"title":"Soutenez le Vivarium","date":"14 ao\u00fbt 2015","format":false,"excerpt":"Le Vivarium d\u00e9pend en partie des donations re\u00e7ues chaque ann\u00e9e. Gr\u00e2ce \u00e0 vous, nos projets sont en constante \u00e9volution. Pour nous soutenir, plusieurs possibilit\u00e9s vous sont propos\u00e9es. Sponsor\u00a0: Vos avantages\u00a0: Votre logo figure de fa\u00e7on bien visible sur tous nos supports de communication. Panneau \u00e0 l\u2019entr\u00e9e du vivarium\u00a0: votre entreprise\u2026","rel":"","context":"Article similaire","img":{"alt_text":"","src":"","width":0,"height":0},"classes":[]},{"id":693,"url":"http:\/\/vivariumdemeyrin.ch\/?page_id=693","url_meta":{"origin":120,"position":1},"title":"Infos Pratiques","date":"9 octobre 2019","format":false,"excerpt":"Adresse 32a, rue Cardinal-Journet 1217 Meyrin SuisseT\u00e9l.: +41(0)22.785.60.60 E-Mail:\u00a0Vivarium info@vivariumdemeyrin.ch Tarifs* Tarifs individuels Adultes : 11.- Enfants (de 6 \u00e0 16 ans) : 6.- AVS, AI, \u00e9tudiants, ch\u00f4meurs : 9.- Tarifs de groupes (min. 10, max. 20 personnes) De 6 \u00e0 16 ans : 5.- Plus de 16 ans :\u2026","rel":"","context":"Article similaire","img":{"alt_text":"","src":"","width":0,"height":0},"classes":[]},{"id":13,"url":"http:\/\/vivariumdemeyrin.ch\/?page_id=13","url_meta":{"origin":120,"position":2},"title":"Infos Pratiques","date":"14 ao\u00fbt 2015","format":false,"excerpt":"Adresse Tarifs* Horaires* 32a, rue Cardinal-Journet 1217 Meyrin SuisseT\u00e9l.: +41(0)22.785.60.60 E-Mail:\u00a0Vivarium info@vivariumdemeyrin.ch Tarifs individuels Adultes : 11.- Enfants (de 6 \u00e0 16 ans) : 6.- AVS, AI, \u00e9tudiants, ch\u00f4meurs : 9.-Tarifs de groupe (min. 10, max. 20 personnes) De 6 \u00e0 16 ans : 5.- Plus de 16 ans :\u2026","rel":"","context":"Article similaire","img":{"alt_text":"","src":"","width":0,"height":0},"classes":[]},{"id":17,"url":"http:\/\/vivariumdemeyrin.ch\/?page_id=17","url_meta":{"origin":120,"position":3},"title":"Les naissances du Vivarium","date":"14 ao\u00fbt 2015","format":false,"excerpt":"Chaque ann\u00e9e, nous avons la chance de voir se reproduire un bon nombre de nos pensionnaires. Qu\u2019ils soient ovipares, ovovivipares ou vivipares, les \u0153ufs ou les nouveaux-n\u00e9s sont expos\u00e9s dans la nursery, nouvel espace sp\u00e9cialement adapt\u00e9 et cr\u00e9\u00e9 en 2008. Quelques diff\u00e9rentes naissances au Vivarium\u00a0: Boa de Madagascar \u00a0Gecko diurne\u2026","rel":"","context":"Article similaire","img":{"alt_text":"","src":"https:\/\/i0.wp.com\/www.vivariumdemeyrin.ch\/images\/nurserie\/nurserie.jpg?resize=350%2C200","width":350,"height":200},"classes":[]},{"id":23,"url":"http:\/\/vivariumdemeyrin.ch\/?page_id=23","url_meta":{"origin":120,"position":4},"title":"Partenaires","date":"14 ao\u00fbt 2015","format":false,"excerpt":"Zoo de La Garenne Fondation du Parc zoologique La Garenne \u00a0 Jardin Botanique A proximit\u00e9 imm\u00e9diate du centre-ville et inscrit dans la ceinture de parcs entourant le lac, le Jardin botanique offre \u00e0 ses visiteurs un magnifique panorama sur les Alpes, une large porte ouverte sur la nature. Passeport Loisirs\u2026","rel":"","context":"Article similaire","img":{"alt_text":"","src":"","width":0,"height":0},"classes":[]},{"id":420,"url":"http:\/\/vivariumdemeyrin.ch\/?page_id=420","url_meta":{"origin":120,"position":5},"title":"Historique","date":"2 septembre 2016","format":false,"excerpt":"1979 En juin, trois herp\u00e9tologistes amateurs d\u00e9cident de se regrouper et fondent\u00a0Elapso\u00efdea\u00a0(nom de genre d'un serpent fouisseur africain). 1980 Elapso\u00efdea, vivarium priv\u00e9, se dote du statut d'Association \u00e0 but non lucratif et compte cinq membres. L'association organise une \u00e9cole des reptiles,\u00a0Elapso\u00efdea juv\u00e9nile,\u00a0qui compte quatre membres. 1981 Elapso\u00efdea\u00a0organise une tourn\u00e9e dans\u2026","rel":"","context":"Article similaire","img":{"alt_text":"","src":"","width":0,"height":0},"classes":[]}],"_links":{"self":[{"href":"http:\/\/vivariumdemeyrin.ch\/index.php?rest_route=\/wp\/v2\/pages\/120"}],"collection":[{"href":"http:\/\/vivariumdemeyrin.ch\/index.php?rest_route=\/wp\/v2\/pages"}],"about":[{"href":"http:\/\/vivariumdemeyrin.ch\/index.php?rest_route=\/wp\/v2\/types\/page"}],"author":[{"embeddable":true,"href":"http:\/\/vivariumdemeyrin.ch\/index.php?rest_route=\/wp\/v2\/users\/1"}],"replies":[{"embeddable":true,"href":"http:\/\/vivariumdemeyrin.ch\/index.php?rest_route=%2Fwp%2Fv2%2Fcomments&post=120"}],"version-history":[{"count":39,"href":"http:\/\/vivariumdemeyrin.ch\/index.php?rest_route=\/wp\/v2\/pages\/120\/revisions"}],"predecessor-version":[{"id":1308,"href":"http:\/\/vivariumdemeyrin.ch\/index.php?rest_route=\/wp\/v2\/pages\/120\/revisions\/1308"}],"wp:attachment":[{"href":"http:\/\/vivariumdemeyrin.ch\/index.php?rest_route=%2Fwp%2Fv2%2Fmedia&parent=120"}],"curies":[{"name":"wp","href":"https:\/\/api.w.org\/{rel}","templated":true}]}}

<p><span style="color: #008000;">UNIQUEMENT SUR RESERVATION</span></p>
<p>Venez fêter l’anniversaire de votre enfant (dès 8 ans) au Vivarium le :</p>
<ul>
<li>mercredi de 14 :00 à 16 :30</li>
<li>samedi et dimanche de 10 :00 à 12 :30 ou de 14 :00 à 16 :30</li>
</ul>
<p>Au terme d&rsquo;une visite guidée d’environ 1 heure, une salle spécialement aménagée vous attend et si le temps le permet, le goûter aura lieu à l’extérieur.</p>
<p>Les collations sont à la charge des parents.</p>
<p>Le coût de l’anniversaire est de CHF 250.-.<br />
<em>* Nouveau* Nous mettons désormais à votre disposition 15 cartons d&rsquo;anniversaire pour le prix de 10 CHF, avec l&rsquo;adresse du Vivarium déjà inscrite. Il ne reste plus qu&rsquo;à les compléter !</em></p>
<p><img data-attachment-id="742" data-permalink="http://vivariumdemeyrin.ch/?attachment_id=742" data-orig-file="https://i0.wp.com/vivariumdemeyrin.ch/wp-content/uploads/2022/11/Vivarium_carton-dinvitation-1.jpg?fit=497%2C700" data-orig-size="497,700" data-comments-opened="0" data-image-meta="{&quot;aperture&quot;:&quot;0&quot;,&quot;credit&quot;:&quot;&quot;,&quot;camera&quot;:&quot;&quot;,&quot;caption&quot;:&quot;&quot;,&quot;created_timestamp&quot;:&quot;0&quot;,&quot;copyright&quot;:&quot;&quot;,&quot;focal_length&quot;:&quot;0&quot;,&quot;iso&quot;:&quot;0&quot;,&quot;shutter_speed&quot;:&quot;0&quot;,&quot;title&quot;:&quot;&quot;,&quot;orientation&quot;:&quot;0&quot;}" data-image-title="Vivarium_carton d&amp;rsquo;invitation-1" data-image-description="" data-image-caption="" data-medium-file="https://i0.wp.com/vivariumdemeyrin.ch/wp-content/uploads/2022/11/Vivarium_carton-dinvitation-1.jpg?fit=213%2C300" data-large-file="https://i0.wp.com/vivariumdemeyrin.ch/wp-content/uploads/2022/11/Vivarium_carton-dinvitation-1.jpg?fit=497%2C700" decoding="async" loading="lazy" class="wp-image-742  alignright" src="https://i0.wp.com/vivariumdemeyrin.ch/wp-content/uploads/2022/11/Vivarium_carton-dinvitation-1.jpg?resize=80%2C112" alt="" width="80" height="112" srcset="https://i0.wp.com/vivariumdemeyrin.ch/wp-content/uploads/2022/11/Vivarium_carton-dinvitation-1.jpg?resize=213%2C300 213w, https://i0.wp.com/vivariumdemeyrin.ch/wp-content/uploads/2022/11/Vivarium_carton-dinvitation-1.jpg?w=497 497w" sizes="(max-width: 80px) 100vw, 80px" data-recalc-dims="1" /></p>
<p style="text-align: left;">Pour réserver et vérifier les disponibilités, rien de plus simple : contactez-nous au <strong>022/785.60.60</strong> (depuis la France ajouter +41) ou par courriel à info@vivariumdemeyrin.ch.</p>
<p style="text-align: left;"><strong><span style="color: #008000;">Conditions </span></strong>:</p>
<p><i>&#8211; Le nombre de participants est limité à 12 invités (dès 8 ans).<br />
&#8211; En dehors des parents, 2 autres adultes autorisés.<br />
&#8211; Les enfants sont sous la surveillance des accompagnants autorisés.<br />
&#8211; La nourriture, les boissons et décorations seront amenées par les participants.<br />
&#8211; Durée : 2h30<br />
&#8211; Si besoin, la salle est disponible 30 minutes avant l&rsquo;heure.<br />
&#8211; Prix : 250 CHF, comprenant les entrées, un guide, l&rsquo;accès à la salle de fête.<br />
&#8211; L&rsquo;inscription est confirmée à l’encaissement de l&rsquo;acompte de 100 CHF, somme à payer au minimum <u>15 jours avant</u> l&rsquo;anniversaire.<br />
&#8211; Le solde est à régler le jour de l&rsquo;anniversaire et aucun remboursement possible en cas de désistement. </i></p>

<p>UNIQUEMENT SUR RESERVATION Venez fêter l’anniversaire de votre enfant (dès 8 ans) au Vivarium le : mercredi de 14 :00 à 16 :30 samedi et dimanche de 10 :00 à 12 :30 ou de 14 :00 à 16 :30 Au terme d&rsquo;une visite guidée d’environ 1 heure, une salle spécialement aménagée vous attend et si le temps le permet, le goûter aura <a href="http://vivariumdemeyrin.ch/?page_id=120" rel="nofollow"><span class="sr-only">En savoir plus surAnniversaires</span>[&hellip;]</a></p>

14 août 2015

Le Vivarium dépend en partie des donations reçues chaque année. Grâce à vous, nos projets sont en constante évolution. Pour nous soutenir, plusieurs possibilités vous sont proposées. Sponsor : Vos avantages : Votre logo figure de façon bien visible sur tous nos supports de communication. Panneau à l’entrée du vivarium : votre entreprise…

Adresse 32a, rue Cardinal-Journet 1217 Meyrin SuisseTél.: +41(0)22.785.60.60 E-Mail: Vivarium info@vivariumdemeyrin.ch Tarifs* Tarifs individuels Adultes : 11.- Enfants (de 6 à 16 ans) : 6.- AVS, AI, étudiants, chômeurs : 9.- Tarifs de groupes (min. 10, max. 20 personnes) De 6 à 16 ans : 5.- Plus de 16 ans :…

Adresse Tarifs* Horaires* 32a, rue Cardinal-Journet 1217 Meyrin SuisseTél.: +41(0)22.785.60.60 E-Mail: Vivarium info@vivariumdemeyrin.ch Tarifs individuels Adultes : 11.- Enfants (de 6 à 16 ans) : 6.- AVS, AI, étudiants, chômeurs : 9.-Tarifs de groupe (min. 10, max. 20 personnes) De 6 à 16 ans : 5.- Plus de 16 ans :…

Chaque année, nous avons la chance de voir se reproduire un bon nombre de nos pensionnaires. Qu’ils soient ovipares, ovovivipares ou vivipares, les œufs ou les nouveaux-nés sont exposés dans la nursery, nouvel espace spécialement adapté et créé en 2008. Quelques différentes naissances au Vivarium : Boa de Madagascar  Gecko diurne…

Zoo de La Garenne Fondation du Parc zoologique La Garenne   Jardin Botanique A proximité immédiate du centre-ville et inscrit dans la ceinture de parcs entourant le lac, le Jardin botanique offre à ses visiteurs un magnifique panorama sur les Alpes, une large porte ouverte sur la nature. Passeport Loisirs…

1979 En juin, trois herpétologistes amateurs décident de se regrouper et fondent Elapsoïdea (nom de genre d'un serpent fouisseur africain). 1980 Elapsoïdea, vivarium privé, se dote du statut d'Association à but non lucratif et compte cinq membres. L'association organise une école des reptiles, Elapsoïdea juvénile, qui compte quatre membres. 1981 Elapsoïdea organise une tournée dans…
